*x - 14336. What is the hundreds digit of x?
6
Suppose 3*n - 5*s - 880 = 624, s - 1020 = -2*n. What is the tens digit of n?
0
Let x(c) = -2*c + 48. Let s be x(-16). Let z = s - 34. What is the units digit of z?
6
What is the units digit of 6/10 + (-41208)/(-120)?
4
Let z = -7 - -54. Let v = 57 - z. What is the tens digit of v?
1
Let o(c) = 11*c + 8. Suppose -11*w = -9*w - 20. Let b be o(w). Suppose -b = -5*l - 3*p, -4*l + p = -56 - 52. What is the tens digit of l?
2
Let t = 20 - 34. Let l = t - -15. What is the tens digit of (-4 - -2) + l*68?
6
Suppose 0 = 17*p + 96*p - 483188. What is the tens digit of p?
7
Suppose -2*l = 4*k - 7*l + 7, -k - 1 = -l. Suppose -x = k*x - 18. Suppose 0 = -4*g + x - 2. What is the units digit of g?
1
Let z(c) = 3*c + 5. Let t be z(10). Suppose 0 = -m - 11 + t. Suppose -74 = -2*j - m. What is the tens digit of j?
2
Let m be 442/4 + 3/(-6). Suppose 3*k - 412 = m. What is the tens digit of k?
7
Suppose 2*g - 12981 = r, 6*g + 2*r = 9*g - 19471. What is the units digit of g?
1
Suppose 9*t + 5 = d + 4*t, 4*d = -5*t + 45. Suppose 0 = 3*l - 2*h + h + 44, l = -2*h - d. What is the units digit of (-9)/63 - 58/l?
4
Let n(j) = -6*j. Let d be n(-4). Suppose 4*i = -0*i + d. What is the units digit of ((-94)/(-10))/(i/30)?
7
Let w be -2 + (-19)/(-3) + (-11)/33. Suppose 0 = w*n - 3*n - 24. What is the units digit of n?
4
Let j = 212 - 27. Suppose 0*m - j = -5*m. What is the tens digit of m/(4 + -1 + -2)?
3
Suppose -3*c + 5*c + 3*w = 2362, 5*w - 5910 = -5*c. Suppose -14*u + c = 414. What is the tens digit of u?
5
Suppose -2*u - 14 = -4*y, -3*u = 2*y - 0*y - 19. Suppose 0*q - z + 413 = 4*q, 4*q + y*z = 433. What is the units digit of q?
2
Let j(p) = 2*p + 93. Let c(s) = -s - 47. Let h(y) = -5*c(y) - 2*j(y). What is the tens digit of h(21)?
7
Let p = -76 - -81. Suppose 0 = -2*m + 7*m - 4*w + 6, -p*w = 3*m - 26. What is the units digit of m?
2
Suppose c - 2*j - 142 = 78, -4*j + 916 = 4*c. What is the hundreds digit of c?
2
Let b(k) = 9*k**3 + k**2 - 4*k - 5. Let l be b(-3). Let j = 410 + l. What is the units digit of j?
3
Let a(h) = h**2 + 6*h + 7. Let t be a(9). Let r = t - 48. What is the units digit of r?
4
What is the tens digit of 30*(344/6 + 0)?
2
Let u(t) = 2*t + 28. Let d be u(-13). Suppose -d*a + 48 + 84 = 0. What is the units digit of a?
6
Suppose 0 = -4*k + f - 141, -3*k - 2*k - 192 = 4*f. Suppose 0 + 18 = s. What is the units digit of (-640)/k - (-4)/s?
8
Let n(o) = -2*o**3 + 4*o**2 + 5*o. Let h be n(-6). What is the tens digit of 4/(-10) + h/15?
3
Suppose 2*w = -2*n + n + 5, -9 = -3*n. Let l be -15*(-4)/(-8)*16/(-12). Suppose -l + w = -3*i. What is the units digit of i?
3
Let d be -31*(-17)/(-3)*-3. Suppose 3*a - 49 - d = 0. What is the units digit of a?
2
Let c(s) = -s**2 - 6*s + 1. Let n(z) = -z**2 + 8*z - 7. Let i be n(6). Suppose 18 = -i*y + 3. What is the tens digit of c(y)?
1
Suppose u + 3*u = -16. Let z = 13 - u. Suppose 2*j = 3*i + 45, -2*j = -2*i - 31 - z. What is the units digit of j?
7
Suppose t + 0*t - 3*p - 2 = 0, 2*t = -5*p + 4. What is the units digit of t?
2
Let p = -33 - -17. Let m = -10 - p. What is the units digit of m?
6
Let q(m) be the third derivative of 37*m**4/12 + m**3/6 - 6*m**2. Let y be q(1). Let t = y + -28. What is the units digit of t?
7
Suppose 11*r = -0*r + 44. Let c = 1 - -3. Suppose 0 = -0*l + c*l + n - 201, 5*l - 243 = -r*n. What is the units digit of l?
1
Suppose 14*o + 0*o = 2534. What is the tens digit of o?
8
Let q(l) = -3 - 2 - 2 + 2*l**2. Let d(u) = -2*u**3 + u**2 + 2*u + 2. Let y be d(-1). What is the tens digit of q(y)?
1
What is the units digit of 378/(-54) - (-218 + 0)?
1
Let x(i) = -27*i + 1. Let q(b) = b**3 + 3*b**2 - 5*b - 5. Let p be q(-4). What is the tens digit of x(p)?
2
Let w(b) = 4*b**2 + 6*b + 29. Let m be w(-7). Suppose 0 = 6*k - 819 + m. What is the tens digit of k?
0
Let z(r) = 3*r**2 + 3*r + 2. Suppose -15 + 5 = 5*y. What is the units digit of z(y)?
8
What is the hundreds digit of 676825/275 - (-3)/(33/(-2))?
4
Let h = -9 + 11. Suppose 5*j - 5*u = 385, 5*j - 134 - 265 = -h*u. What is the units digit of j?
9
Let q = -1839 - -5212. What is the hundreds digit of q?
3
Let l(b) = -b**3 - 13*b**2 + b + 10. Let g(m) = -m**3 - 12*m**2 + m + 10. Let w(t) = -4*g(t) + 3*l(t). What is the units digit of w(-6)?
4
Let y(q) = q**3 - 2*q - 3*q**2 - 5 - q**2 - q. Let d(o) = 2*o**2 + 4*o - 1. Let u be d(-3). What is the units digit of y(u)?
5
Let a(n) be the third derivative of n**6/120 - 17*n**5/60 + 49*n**4/24 - n**3/2 - 42*n**2. What is the tens digit of a(15)?
8
Let u = 5 - 5. Suppose u = 5*l, -j - 3*j + 4 = -l. What is the units digit of 5*j + 9 + -6?
8
Suppose -2306 = -4*a - 3*c, 5*a + 5*c - 2*c - 2881 = 0. What is the hundreds digit of a?
5
Let s be 16/(-6)*9/2. Let j be 2 + -1 + -7 - -5. Let p = j - s. What is the tens digit of p?
1
Let v = 13 - -214. What is the tens digit of v?
2
Let h = -620 - -659. What is the units digit of h?
9
Suppose -t + 1415 = -826. What is the units digit of t?
1
Suppose x - 5584 = -4*t, 1522 + 1260 = 2*t + 3*x. What is the tens digit of t?
9
Let r be (3/(-7))/(17/(-119)). Suppose r*i = 5*s + 1 - 4, 3 = 4*s - 3*i. Suppose s = -5*q + 37 + 63. What is the units digit of q?
0
What is the tens digit of (-1608)/(-2) + (-12)/(-2)?
1
Suppose -o + 2 = 3*w - 9, w + 3*o + 7 = 0. Suppose w*v + 9 = 2*q - 4, -32 = 2*q + 4*v. What is the units digit of (38/q)/((-3)/9)?
9
Suppose 5*d - f - 2*f + 6 = 0, 2*f - 4 = -3*d. What is the tens digit of (1 + d)/(2/212)?
0
Let z = 71 - 24. What is the units digit of z + -2 + 42/6?
2
Let r = -1137 + 777. Let c = -95 - r. What is the units digit of c?
5
Let n(m) = -3*m + 4. Let l be n(-7). Suppose -f + r = 2*f + 5, -5*r + l = -5*f. What is the tens digit of (f - -1)/((-4)/(-44))?
1
What is the tens digit of ((-72)/15)/4*(-8515)/26?
9
Suppose 2*t = j - 497, -4*t + 188 + 327 = j. What is the units digit of j?
3
Suppose 2*i = -4*a + 610, 31*a - 26*a = 25. What is the tens digit of i?
9
Suppose 97 = 4*a - 3*a. Let z(j) = -j**2 + 3 + j + a*j**3 - 4 - 86*j**3. What is the tens digit of z(1)?
1
Suppose -5*x = 124 + 106. Let b = -2 - x. What is the units digit of b?
4
Suppose -5*r - 19 + 50 = 3*w, 0 = -3*r - w + 17. Suppose 236 - 701 = -r*b. What is the units digit of b?
3
Let m(n) = n**3 - 2*n**2 - 2*n + 3. Let o be m(3). What is the units digit of (3/(-4))/(o/(-24))?
3
Let m(i) = -i**2 - 9*i + 4. Let z be m(-9). Let d be (z/5)/((-4)/30). What is the units digit of 22*(2 + d/4)?
1
Let g(s) = 3 + s - 7*s - 2*s - s**2 - 5. Suppose 2 + 0 = -d - 5*q, 4*d + 30 = 2*q. What is the units digit of g(d)?
5
Let z(u) = -u**3 + u**2 + 3*u - 4. Let k be z(-3). What is the units digit of k*(-23)/(-7) - 18/(-42)?
6
Suppose 1 - 7 = -q. Let x be ((-15)/q - -1)*-2. Suppose 139 = x*b - k, 4*b - 94 = -2*k + 88. What is the units digit of b?
6
What is the units digit of (-25 + 59)*1/(-6)*-15?
5
Let y(b) be the second derivative of -b**5/20 + 2*b**4/3 - b**3/2 + 15*b**2/2 - 14*b. What is the units digit of y(6)?
9
Let w(g) = 0 - 4*g + g + 3*g**2 + 2. Let s be w(2). Let f = 9 - s. What is the units digit of f?
1
What is the tens digit of ((-126)/(-15))/((-15)/(-550))?
0
Let g = 11 + -8. Suppose 0*k + 124 = 3*k + 5*n, -g*k + 130 = -n. Let x = k + -7. What is the tens digit of x?
3
What is the hundreds digit of (12 - 37604/98)/((-2)/14)?
6
Let x(k) = -11*k**3 + 2*k + 1. Let v(t) = -t - 14. Let l be v(-13). What is the tens digit of x(l)?
1
Suppose -45 = -3*f + 3*m, 31 + 40 = 5*f - 3*m. Let a(k) be the third derivative of -k**5/60 + 5*k**4/6 - 19*k**3/6 + 10*k**2. What is the tens digit of a(f)?
7
Suppose -f = -2*f - 9. Let d = 9 - f. What is the tens digit of d?
1
Let p(g) = 2*g**2 - 17*g + 12. Let t be p(16). Suppose 10*k - t = 388. What is the units digit of k?
4
Let f(g) = -8*g**3 + 2. Suppose 0 = -8*j - 13 + 5. What is the tens digit of f(j)?
1
Let n(g) = -13*g + 16*g + 0*g**2 + 4*g**2 - 2*g**2 + 12. What is the units digit of n(6)?
2
Let v = -16 - -16. Suppose -5*u + v*x - 2*x + 399 = 0, -u + x + 77 = 0. What is the tens digit of u?
7
Let l be 23910/65 - 4/(-26). Suppose 0 = -4*t - 3*n + 336, -t = 3*t - 5*n - l. Suppose 2*b - 5*w - 21 = 0, 0 = -4*b + w - 6*w + t. What is the tens digit of b?
1
Let z(o) = 5 - 4 - 8 - o. Let v be z(-4). What is t